{"id":32225,"date":"2025-09-30T14:48:49","date_gmt":"2025-09-30T12:48:49","guid":{"rendered":"https:\/\/dokusho.it\/?post_type=product&#038;p=32225"},"modified":"2025-09-30T14:52:07","modified_gmt":"2025-09-30T12:52:07","slug":"in-spectre-sleeping-murder","status":"publish","type":"product","link":"https:\/\/dokusho.it\/index.php\/prodotto\/in-spectre-sleeping-murder\/","title":{"rendered":"In\/Spectre &#8211; Sleeping Murder"},"content":{"rendered":"<p>\u00abVentitr\u00e9 anni fa, ho stretto un patto con uno youko e gli ho fatto uccidere mia moglie.\u00bb<br \/>\nKotoko Iwanaga, Dea della Saggezza, riceve questa confessione da un ricco anziano.<br \/>\nLa richiesta? Far capire ai parenti che lui \u00e8 l&#8217;assassino.<br \/>\nMa ha un alibi fornito proprio dallo spirito volpe!<br \/>\nCome far\u00e0 Kotoko a convincere i ricchi familiari a scorgere la verit\u00e0 mantenendo segreta l&#8217;esistenza del mostro?<\/p>\n<p>Un nuovo sconvolgente caso fatto di intricati ragionamenti razionali e fittizi!<\/p>\n","protected":false},"excerpt":{"rendered":"<p>\u00abVentitr\u00e9 anni fa, ho stretto un patto con uno youko e gli ho fatto uccidere mia moglie.\u00bb Kotoko Iwanaga, Dea della Saggezza, riceve questa confessione da un ricco anziano. La richiesta? Far capire ai parenti che lui \u00e8 l&#8217;assassino. Ma ha un alibi fornito proprio dallo spirito volpe! Come far\u00e0 Kotoko a convincere i ricchi familiari a scorgere la verit\u00e0 mantenendo segreta l&#8217;esistenza del mostro? Un nuovo sconvolgente caso fatto di intricati ragionamenti razionali e fittizi!<\/p>\n","protected":false},"featured_media":32226,"template":"","meta":[],"product_brand":[],"product_cat":[696,697],"product_tag":[698,232,724],"class_list":{"0":"post-32225","1":"product","2":"type-product","3":"status-publish","4":"has-post-thumbnail","6":"product_cat-in-spectre","7":"product_cat-kyokou-suiri","8":"product_tag-in-spectre","9":"product_tag-light-novel","10":"product_tag-volume-3","12":"first","13":"instock","14":"featured","15":"shipping-taxable","16":"purchasable","17":"product-type-simple"},"_links":{"self":[{"href":"https:\/\/dokusho.it\/index.php\/wp-json\/wp\/v2\/product\/32225","targetHints":{"allow":["GET"]}}],"collection":[{"href":"https:\/\/dokusho.it\/index.php\/wp-json\/wp\/v2\/product"}],"about":[{"href":"https:\/\/dokusho.it\/index.php\/wp-json\/wp\/v2\/types\/product"}],"version-history":[{"count":1,"href":"https:\/\/dokusho.it\/index.php\/wp-json\/wp\/v2\/product\/32225\/revisions"}],"predecessor-version":[{"id":32227,"href":"https:\/\/dokusho.it\/index.php\/wp-json\/wp\/v2\/product\/32225\/revisions\/32227"}],"wp:featuredmedia":[{"embeddable":true,"href":"https:\/\/dokusho.it\/index.php\/wp-json\/wp\/v2\/media\/32226"}],"wp:attachment":[{"href":"https:\/\/dokusho.it\/index.php\/wp-json\/wp\/v2\/media?parent=32225"}],"wp:term":[{"taxonomy":"product_brand","embeddable":true,"href":"https:\/\/dokusho.it\/index.php\/wp-json\/wp\/v2\/product_brand?post=32225"},{"taxonomy":"product_cat","embeddable":true,"href":"https:\/\/dokusho.it\/index.php\/wp-json\/wp\/v2\/product_cat?post=32225"},{"taxonomy":"product_tag","embeddable":true,"href":"https:\/\/dokusho.it\/index.php\/wp-json\/wp\/v2\/product_tag?post=32225"}],"curies":[{"name":"wp","href":"https:\/\/api.w.org\/{rel}","templated":true}]}}