{"id":26970,"date":"2024-09-26T15:03:14","date_gmt":"2024-09-26T13:03:14","guid":{"rendered":"https:\/\/dokusho.it\/?post_type=product&#038;p=26970"},"modified":"2024-09-26T17:14:38","modified_gmt":"2024-09-26T15:14:38","slug":"classroom-of-the-elite-vol-5","status":"publish","type":"product","link":"https:\/\/dokusho.it\/index.php\/prodotto\/classroom-of-the-elite-vol-5\/","title":{"rendered":"Classroom of the Elite, Vol. 5"},"content":{"rendered":"<p><strong>Sar\u00f2 onesto, non sono un granch\u00e9 come essere umano. Non me lo devono dire gli altri. <\/strong><br \/>\n<strong>Sono un pezzo di merda nato da genitori di merda. <\/strong><br \/>\n<strong>Ecco perch\u00e9 ho scelto questa scuola. Una scuola da sogno senza tasse che garantisce un futuro\u2026<\/strong><\/p>\n<p>Dopo le lunghe vacanze estive, ad attendere la Classe D c\u2019\u00e8 il Festival dello Sport.<br \/>\nL&#8217;evento alla Scuola Superiore per la Formazione di Alto Livello non \u00e8 da<br \/>\nsottovalutare. Gli studenti vengono divisi in due squadre, rossa e bianca. Sudou,<br \/>\nfino a questo momento un peso, diventa l&#8217;asso nella manica della D.<br \/>\nI migliori atleti avranno l\u2019occasione di sfoggiare le loro abilit\u00e0.<br \/>\nRyuuen, il leader della C, e un traditore nascosto nell&#8217;ombra non si lasceranno<br \/>\nscappare l&#8217;occasione di agire!<br \/>\nChe lo scontro al Festival dello Sport abbia inizio.<\/p>\n","protected":false},"excerpt":{"rendered":"<p>Sar\u00f2 onesto, non sono un granch\u00e9 come essere umano. Non me lo devono dire gli altri. Sono un pezzo di merda nato da genitori di merda. Ecco perch\u00e9 ho scelto questa scuola. Una scuola da sogno senza tasse che garantisce un futuro\u2026 Dopo le lunghe vacanze estive, ad attendere la Classe D c\u2019\u00e8 il Festival dello Sport. L&#8217;evento alla Scuola Superiore per la Formazione di Alto Livello non \u00e8 da sottovalutare. Gli studenti vengono divisi in due squadre, rossa e bianca. Sudou, fino a questo momento un peso, diventa l&#8217;asso nella manica della D. I migliori atleti avranno l\u2019occasione di sfoggiare le loro abilit\u00e0. Ryuuen, il leader della C, e un traditore nascosto nell&#8217;ombra non si lasceranno scappare l&#8217;occasione di agire! Che lo scontro al Festival dello Sport abbia inizio.<\/p>\n","protected":false},"featured_media":27009,"template":"","meta":[],"product_brand":[],"product_cat":[704],"product_tag":[705,232,738],"class_list":{"0":"post-26970","1":"product","2":"type-product","3":"status-publish","4":"has-post-thumbnail","6":"product_cat-classroom-of-the-elite","7":"product_tag-classroom-of-the-elite","8":"product_tag-light-novel","9":"product_tag-volume-5","11":"first","12":"instock","13":"featured","14":"shipping-taxable","15":"purchasable","16":"product-type-simple"},"_links":{"self":[{"href":"https:\/\/dokusho.it\/index.php\/wp-json\/wp\/v2\/product\/26970","targetHints":{"allow":["GET"]}}],"collection":[{"href":"https:\/\/dokusho.it\/index.php\/wp-json\/wp\/v2\/product"}],"about":[{"href":"https:\/\/dokusho.it\/index.php\/wp-json\/wp\/v2\/types\/product"}],"version-history":[{"count":1,"href":"https:\/\/dokusho.it\/index.php\/wp-json\/wp\/v2\/product\/26970\/revisions"}],"predecessor-version":[{"id":26974,"href":"https:\/\/dokusho.it\/index.php\/wp-json\/wp\/v2\/product\/26970\/revisions\/26974"}],"wp:featuredmedia":[{"embeddable":true,"href":"https:\/\/dokusho.it\/index.php\/wp-json\/wp\/v2\/media\/27009"}],"wp:attachment":[{"href":"https:\/\/dokusho.it\/index.php\/wp-json\/wp\/v2\/media?parent=26970"}],"wp:term":[{"taxonomy":"product_brand","embeddable":true,"href":"https:\/\/dokusho.it\/index.php\/wp-json\/wp\/v2\/product_brand?post=26970"},{"taxonomy":"product_cat","embeddable":true,"href":"https:\/\/dokusho.it\/index.php\/wp-json\/wp\/v2\/product_cat?post=26970"},{"taxonomy":"product_tag","embeddable":true,"href":"https:\/\/dokusho.it\/index.php\/wp-json\/wp\/v2\/product_tag?post=26970"}],"curies":[{"name":"wp","href":"https:\/\/api.w.org\/{rel}","templated":true}]}}