{"id":20380,"date":"2022-11-07T19:29:45","date_gmt":"2022-11-07T18:29:45","guid":{"rendered":"https:\/\/dokusho.it\/?post_type=product&#038;p=20380"},"modified":"2023-05-16T21:40:50","modified_gmt":"2023-05-16T19:40:50","slug":"classroom-of-the-elite-vol-1-limited-edition","status":"publish","type":"product","link":"https:\/\/dokusho.it\/index.php\/prodotto\/classroom-of-the-elite-vol-1-limited-edition\/","title":{"rendered":"Classroom of the Elite, Vol. 1 &#8211; LIMITED EDITION"},"content":{"rendered":"<p><strong>Box in edizione limitata del primo volume della light novel &#8220;Classroom of the Elite, Vol. 1&#8221;<\/strong><\/p>\n<p>\u2b50Il set contiene:\u2b50<\/p>\n<p>1. La light novel Classroom of the Elite, Vol. 1<br \/>\n2. Tre cartoline in carta patinata 105&#215;148 mm<br \/>\n3. Cartolina in PVC semitrasparente 110&#215;130 mm<br \/>\n4. Sovra-copertina alternativa<\/p>\n<p>Trama:<br \/>\nSo che \u00e8 improvviso, ma vorrei porti una domanda.<br \/>\nLe persone sono tutte uguali?<\/p>\n<p>La Scuola per la Formazione di Alto Livello di Tokyo vanta un tasso di ammissione all\u2019universit\u00e0 e di occupazione dei propri diplomati pari al 100%. \u00c8 un istituto creato appositamente dal Governo giapponese per educare coloro a cui verr\u00e0 affidato il futuro del Paese. Ogni mese agli studenti vengono regalati dei punti per un valore di 100.000 yen che sono liberi di spendere come meglio credono. Ma questa \u00e8 una scuola estremamente meritocratica, basata sulla supremazia dei migliori.<\/p>\n<p>E chi non dovesse eccellere\u2026?!<\/p>\n","protected":false},"excerpt":{"rendered":"<p>Box in edizione limitata del primo volume della light novel &#8220;Classroom of the Elite, Vol. 1&#8221; \u2b50Il set contiene:\u2b50 1. La light novel Classroom of the Elite, Vol. 1 2. Tre cartoline in carta patinata 105&#215;148 mm 3. Cartolina in PVC semitrasparente 110&#215;130 mm 4. Sovra-copertina alternativa Trama: So che \u00e8 improvviso, ma vorrei porti una domanda. Le persone sono tutte uguali? La Scuola per la Formazione di Alto Livello di Tokyo vanta un tasso di ammissione all\u2019universit\u00e0 e di occupazione dei propri diplomati pari al 100%. \u00c8 un istituto creato appositamente dal Governo giapponese per educare coloro a cui verr\u00e0 affidato il futuro del Paese. Ogni mese agli studenti vengono regalati dei punti per un valore di 100.000 yen che sono liberi di spendere come meglio credono. Ma questa \u00e8 una scuola estremamente meritocratica, basata sulla supremazia dei migliori. E chi non dovesse eccellere\u2026?!<\/p>\n","protected":false},"featured_media":20411,"template":"","meta":[],"product_brand":[],"product_cat":[704],"product_tag":[705,232,707,234],"class_list":{"0":"post-20380","1":"product","2":"type-product","3":"status-publish","4":"has-post-thumbnail","6":"product_cat-classroom-of-the-elite","7":"product_tag-classroom-of-the-elite","8":"product_tag-light-novel","9":"product_tag-limited-edition","10":"product_tag-volume-1","12":"first","13":"outofstock","14":"featured","15":"shipping-taxable","16":"purchasable","17":"product-type-simple"},"_links":{"self":[{"href":"https:\/\/dokusho.it\/index.php\/wp-json\/wp\/v2\/product\/20380","targetHints":{"allow":["GET"]}}],"collection":[{"href":"https:\/\/dokusho.it\/index.php\/wp-json\/wp\/v2\/product"}],"about":[{"href":"https:\/\/dokusho.it\/index.php\/wp-json\/wp\/v2\/types\/product"}],"version-history":[{"count":2,"href":"https:\/\/dokusho.it\/index.php\/wp-json\/wp\/v2\/product\/20380\/revisions"}],"predecessor-version":[{"id":20933,"href":"https:\/\/dokusho.it\/index.php\/wp-json\/wp\/v2\/product\/20380\/revisions\/20933"}],"wp:featuredmedia":[{"embeddable":true,"href":"https:\/\/dokusho.it\/index.php\/wp-json\/wp\/v2\/media\/20411"}],"wp:attachment":[{"href":"https:\/\/dokusho.it\/index.php\/wp-json\/wp\/v2\/media?parent=20380"}],"wp:term":[{"taxonomy":"product_brand","embeddable":true,"href":"https:\/\/dokusho.it\/index.php\/wp-json\/wp\/v2\/product_brand?post=20380"},{"taxonomy":"product_cat","embeddable":true,"href":"https:\/\/dokusho.it\/index.php\/wp-json\/wp\/v2\/product_cat?post=20380"},{"taxonomy":"product_tag","embeddable":true,"href":"https:\/\/dokusho.it\/index.php\/wp-json\/wp\/v2\/product_tag?post=20380"}],"curies":[{"name":"wp","href":"https:\/\/api.w.org\/{rel}","templated":true}]}}