{"id":8113,"date":"2021-07-18T20:38:39","date_gmt":"2021-07-18T18:38:39","guid":{"rendered":"https:\/\/dokusho.it\/?page_id=8113"},"modified":"2026-03-19T16:27:30","modified_gmt":"2026-03-19T15:27:30","slug":"informativa-sulla-privacy","status":"publish","type":"page","link":"https:\/\/dokusho.it\/index.php\/informativa-sulla-privacy\/","title":{"rendered":"Informativa sulla Privacy"},"content":{"rendered":"<p class=\"Textbody\" style=\"text-align: justify; text-justify: inter-ideograph;\"><span class=\"StrongEmphasis\"><span style=\"color: black;\">Informativa di cui all\u2019art. 13 D. Lgs. 196 del 30 giugno 2003 che regola Codice in materia di protezione dei dati personali Privacy<\/span><\/span><\/p>\n\n\n<p>Informiamo qui di seguito sulle modalit\u00e0, finalit\u00e0 e ambito di comunicazione e diffusione dei dati personali degli interessati e sui loro diritti, in conformit\u00e0 all&#8217;art. 13 del GDPR.<\/p>\n\n\n\n<p><strong>Chi \u00e8 il Titolare del Trattamento<\/strong><\/p>\n\n\n\n<p>Il <em>Titolare del trattamento <\/em>dei dati personali, raccolti e trattati tramite questo sito web, \u00e8 la Societ\u00e0 Dokusho Edizioni Srl <em>con Sede legale in <\/em>via Guglielmo Taddei 4, 56124, Pisa (PI)<em> Codice fiscale e Partita Iva 02410240507&nbsp; REA&nbsp;PI &#8211; 204992<\/em> \u2013 \u00e8 possibile inoltrare le proprie richieste privacy al Titolare inviando una email all\u2019indirizzo: <span \n                data-original-string='gj5Jxn9eAAhkYrTsJjqs+Q==ca15nm0usWzJSqoPtEdyjRfVQ=='\n                class='apbct-email-encoder'\n                title='This contact has been encoded by Anti-Spam by CleanTalk. Click to decode. To finish the decoding make sure that JavaScript is enabled in your browser.'>in<span class=\"apbct-blur\">**<\/span>@<span class=\"apbct-blur\">*****<\/span>ho.it<\/span><\/p>\n\n\n\n<p><strong>Quali sono le finalit\u00e0 del trattamento (scopo della raccolta e gestione dei dati)<\/strong><\/p>\n\n\n\n<p>Il Titolare del Trattamento, al fine di consentire la navigazione e registrazione al proprio sito internet e la realizzazione delle funzionalit\u00e0 o servizi offerti e indicati sul sito quali l\u2019<em>iscrizione alla newsletter; richiesta di contatto per informazioni (resi, cancellazioni, modifiche ordini etc.); inoltro richieste di lavoro (es. funzione \u201clavora con noi\u201d o \u201cinviaci la tua light novel\u201d); iscrizione per acquisti on line o altri servizi del sito web, ecc..<\/em>), ha necessit\u00e0 di raccogliere alcuni Dati Personali di Clienti\/Utenti, cos\u00ec come indicati anche in moduli di registrazione predisposti e sempre nel rispetto dei principi di pertinenza e limitazione del trattamento alle informazioni che siano indispensabili per le seguenti finalit\u00e0:<\/p>\n\n\n\n<p>a) navigazione sul sito web del Titolare;<br>b) acquisto di prodotti (tramite sito web);<br>c) inoltro candidature di lavoro;<br>d) richiesta di informazioni, contatto, esercizio dei diritti privacy da parte degli interessati;<br>e) iscrizione a newsletter informative e commerciali (marketing);<\/p>\n\n\n\n<p><strong>Quali sono le basi giuridiche del trattamento che permettono al Titolare di trattare i dati degli utenti\/Clienti e quali categorie di dati tratta il Titolare.<\/strong><\/p>\n\n\n\n<p>Il Trattamento dei Dati Personali degli Interessati ha una propria base giuridica a seconda delle diverse finalit\u00e0 perseguite e sopra indicate, in particolare:<\/p>\n\n\n\n<p>a. navigazione sul <em>sito web <\/em>del Titolare<\/p>\n\n\n\n<p>Il Titolare del trattamento, tratta necessariamente alcuni dati personali degli interessati per permettere loro una corretta navigazione e visualizzazione del proprio sito web. Questi dati possono essere raccolti in alcuni casi anche indirettamente \u2013 per mezzo degli strumenti elettronici che consentono la navigazione web (<em>browser, pc, telefoni, tablet, etc<\/em>.) \u2013 o possono essere conferiti direttamente dall\u2019interessato stesso (<em>es. libera, compilazione moduli per la creazione account, inserimento indirizzo di spedizione e\/o fatturazione in caso di acquisti, iscrizione newsletter, ecc<\/em>..).<\/p>\n\n\n\n<p>C<em>on riferimento alla sola <\/em>navigazione sul sito <a href=\"https:\/\/www.dokusho.it\/\"><em>https:\/\/www.dokusho.it\/<\/em><\/a><em> <\/em>il Titolare potr\u00e0 trattare le seguenti categorie di dati personali degli utenti.<\/p>\n\n\n\n<p>Dati raccolti tramite <em>cookie<\/em>: per maggiori dettagli si rinvia all\u2019informativa dedicata ai cookie. In ogni caso si informa che i <em>cookie <\/em>presenti sul sito sono necessari per procedere con una corretta navigazione c.d. <em>Cookie <\/em>tecnici, in mancanza non sar\u00e0 garantita una perfetta visualizzazione o navigazione (es. da cellulare, browser specifico, etc.). Eventuali <em>cookie <\/em>tecnici potrebbero avere funzionalit\u00e0 di tipo analitico ma saranno utilizzati solo dati anonimi per finalit\u00e0 statistiche in modalit\u00e0 aggregata.<\/p>\n\n\n\n<p>&nbsp;<em>Categorie di dati<\/em>: dati non personali perch\u00e9 anonimi.<\/p>\n\n\n\n<p>b. Acquisto di prodotti (tramite sito web)<\/p>\n\n\n\n<p>Il Titolare del trattamento mette a disposizione dei Clienti\/utenti la possibilit\u00e0 di eseguire acquisti on line sul proprio sito web.<\/p>\n\n\n\n<p>Per il trattamento dei Dati Personali relativi agli acquisti la base giuridica del trattamento \u00e8 la necessit\u00e0 per il Titolare di dare esecuzione al rapporto precontrattuale o contrattuale di cui l\u2019interessato \u00e8 parte (art. 6 comma 1 lettera b) del GDPR) e delle norme di legge e fiscali applicabili al contratto di acquisto o servizio (art. 6 comma 1 lettera c) del GDPR).<br>Per le suddette finalit\u00e0, i dati saranno richiesti e raccolti nei limiti di quanto strettamente necessario a dare esecuzione al contratto e non saranno trattati dai Contitolari.<br>Tali dati saranno trattati con applicazione di misure di sicurezza adeguate al rischio (art. 32 GDPR) e all\u2019interno dell\u2019UE, dal Titolare e da soggetti autorizzati ex art. 28 GDPR o 2 <em>quaterdecies <\/em>Codice Privacy come riformato dal D.lgs. 101\/18. I dati non saranno comunicati ad altri soggetti terzi in assenza di idonea informativa e previo consenso dell\u2019interessato. Durata del trattamento: per l\u2019esecuzione della finalit\u00e0 contrattuale; Conservazione: nei termini previsti dalla legge (fiscale e in materia di prescrizione dei diritti).<\/p>\n\n\n\n<p>c. inoltro candidature di lavoro.<\/p>\n\n\n\n<p>Nell\u2019apposita sezione del presente sito web sono indicate le istruzioni per candidarsi, con invio del proprio CV e dei relativi dati personali in esso contenuti, per una collaborazione di lavoro con il Titolare (Dokusho Edizioni Srl). Saranno trattati i seguenti dati personali: email (quale indirizzo di recapito delle comunicazioni); nome, cognome, provincia, dati del CV, eventuale titolo di studio nonch\u00e9 le informazioni che si rendano necessarie per un\u2019eventuale fase di selezione sempre nel rispetto dei principi di non eccedenza e pertinenza nonch\u00e9 delle norme in materia di diritto del lavoro. Potrebbe capitare che il candidato inoltri dati particolari (<em>relativi alla salute, al credo religioso, all\u2019appartenenza sindacale, etc<\/em>.) tali dati saranno trattati se pertinenti alla selezione e se il loro trattamento risulti lecito dalle disposizioni di legge in materia di diritto del lavoro e secondo quanto previsto dai provvedimenti dell\u2019Autorit\u00e0 Garante. Diversamente saranno cancellati\/oscurati. Come indicato dall\u2019art 111bis del codice privacy le candidature spontanee non necessitano di un consenso specifico dell\u2019interessato, pertanto questo non potr\u00e0 essere revocato. La <em>base giuridica <\/em>\u00e8 la necessit\u00e0 di adempiere agli obblighi di natura pre-contrattuale come indicato dall\u2019art. 6 lettera b) del GDPR e in caso di conferimento di dati particolari (es. indicazione inabilit\u00e0 al lavoro) la base giuridica \u00e8 quella prevista dall\u2019art. 9 del GDPR (lettera b).<\/p>\n\n\n\n<p>Tali dati saranno trattati con applicazione di misure di sicurezza adeguate al rischio (art. 32 GDPR) e all\u2019interno dell\u2019UE, dal Titolare e da soggetti autorizzati ex art. 28 GDPR o 2 <em>quaterdecies <\/em>Codice Privacy come riformato dal D.lgs. 1010\/18. I dati non saranno comunicati ad altri soggetti terzi in assenza di idonea informativa e previo consenso dell\u2019interessato. Durata del trattamento: per l\u2019esecuzione della finalit\u00e0 di selezione; Conservazione: due anni salvo iniziative giudiziali per le quali sia necessario conservare i dati sino al termine prescrizionale dei diritti azionati dall\u2019interessato.<\/p>\n\n\n\n<p>d. richiesta di informazioni, contatto, esercizio dei diritti privacy da parte degli interessati<\/p>\n\n\n\n<p>Il Titolare mette a disposizione dei propri Clienti\/Utenti alcuni canali di contatto al fine di fornire: assistenza clienti e richiesta informazioni (mail: <span \n                data-original-string='a4OSnkuUCSA7Em7FrtWQ+Q==ca1UUioMjlPmLgFbzsDDlQmt\/TT1R8kyPmB89ZUxa+miAg='\n                class='apbct-email-encoder'\n                title='This contact has been encoded by Anti-Spam by CleanTalk. Click to decode. To finish the decoding make sure that JavaScript is enabled in your browser.'>ac<span class=\"apbct-blur\">******<\/span>@<span class=\"apbct-blur\">*****<\/span>ho.it<\/span>) la richiesta di contatto al fine di evadere la richiesta, la base giuridica \u00e8 l\u2019art. 6 comma 1 lettera b) GDPR ossia l\u2019esecuzione di obblighi di natura precontrattuale o contrattuale.<\/p>\n\n\n\n<p>e. iscrizione a newsletter informative e commerciali (finalit\u00e0 di marketing)<\/p>\n\n\n\n<p>L\u2019interessato nella apposita sezione newsletter potr\u00e0 conferire i propri dati in modo facoltativo previa prestazione del consenso al fine di ricevere comunicazioni commerciali periodiche aventi ad oggetto totale o parziale &#8220;Newsletter&#8221; da parte del Titolare. La categoria di dati trattati per le suddette finalit\u00e0 \u00e8 di tipo <em>comune<\/em>: e-mail (quale indirizzo di recapito delle comunicazioni).<\/p>\n\n\n\n<p>La base giuridica \u00e8 il consenso liberamente prestato dall\u2019interessato ai sensi dell\u2019art. 6 comma 1 lettera a) del GDPR, e il trattamento dei dati avr\u00e0 durata sino alla sua revoca (mediante richiesta scritta al Titolare a mezzo mail: <a href=\"mailto:in**@*****ho.it\" data-original-string=\"NuTh+mbL6inxXYH6daADwg==ca1UH6Bk1dv7Zj1g5cN+P7UBQ==\" title=\"This contact has been encoded by Anti-Spam by CleanTalk. Click to decode. To finish the decoding make sure that JavaScript is enabled in your browser.\"><span \n                data-original-string='Hlta4G6SayQ9sElteWsMJw==ca1Dagx17xdSkM+fYuSOsjkqg=='\n                class='apbct-email-encoder'\n                title='This contact has been encoded by Anti-Spam by CleanTalk. Click to decode. To finish the decoding make sure that JavaScript is enabled in your browser.'>in<span class=\"apbct-blur\">**<\/span>@<span class=\"apbct-blur\">*****<\/span>ho.it<\/span><\/a> o mediante link in calce alle comunicazioni email.). I dati personali dell\u2019interessato saranno trattati con applicazione di misure di sicurezza adeguate al rischio (art. 32 GDPR) e all\u2019interno dell\u2019UE, dal Titolare e da soggetti autorizzati ex art. 28 GDPR o 2 <em>quaterdecies <\/em>Codice Privacy come riformato dal D.lgs. 101\/18.<\/p>\n\n\n\n<p><strong>Comunicazione dei dati e trasferimento extra UE<\/strong><\/p>\n\n\n\n<p>Il Titolare come indicato per ogni finalit\u00e0 non comunica i dati a soggetti terzi e non trasferisce i dati personali degli interessati in paesi extra UE. I soggetti che possono conoscere i dati personali degli interessati sono soggetti che svolgono parte delle attivit\u00e0 di Trattamento e\/o attivit\u00e0 connesse e strumentali alle stesse per conto del Titolare del Trattamento e che sono nominati ai sensi dell\u2019art. 28 GDPR (<em>come fornitori di servizi tecnici, corrieri postali, hosting provider, societ\u00e0 informatiche<\/em>); singoli individui, dipendenti e\/o collaboratori del Titolare del Trattamento a cui sono state affidate specifiche e\/o pi\u00f9 attivit\u00e0 di Trattamento sui Dati Personali (anch\u2019essi sono nominati ai sensi dell\u2019art. 2 <em>quaterdecies<\/em> Codice Privacy); quando richiesto per legge o per prevenire o reprimere la commissione di un reato i Dati Personali potranno essere comunicati ad enti pubblici o all\u2019autorit\u00e0 giudiziaria. L\u2019elenco aggiornato dei Responsabili e dei Contitolari potr\u00e0 sempre essere richiesto al Titolare del Trattamento. Sono salvi i trasferimenti o le comunicazioni a soggetti terzi che siano eseguite sulla base di idonee informative o consensi.<\/p>\n\n\n\n<p><strong>Durata del trattamento e conservazione dei dati personali<\/strong><\/p>\n\n\n\n<p>Il Titolare come indicato per ogni finalit\u00e0 e cos\u00ec come previsto dall\u2019art. 5 Lett. e) del Regolamento UE 2016\/679 tratter\u00e0 i dati conferiti per tutta la durata di esecuzione dei servizi \/ contratti richiesti\/ conclusi e li conserver\u00e0 per il tempo necessario ad adempiere gli obblighi di legge. Qualora sia stato prestato consenso per newsletter e\/o in via generale finalit\u00e0 di promozione e marketing, anche profilato, detto consenso \u00e8 valido sino alla sua revoca, salvo che per le attivit\u00e0 di marketing legate al programma fedelt\u00e0 come meglio indicato nell\u2019apposito paragrafo. Decorsi i suddetti termini il Titolare del trattamento e i Contitolari provvedono alla loro cancellazione o la loro trasformazione in forma anonima. Decorsi i suddetti termini il Titolare del trattamento e i Contitolari provvedono alla loro cancellazione o la loro trasformazione in forma anonima.<\/p>\n\n\n\n<p><strong>Privacy dei minori<\/strong><\/p>\n\n\n\n<p>Il nostro servizio non si rivolge a minori di 18 anni (\u201cBambini\u201d).<\/p>\n\n\n\n<p>Non raccogliamo consapevolmente dati personali di minori di 18 anni. Se sei un genitore o tutore e sai che i tuoi figli ci hanno fornito i dati personali, contattaci. Se veniamo a conoscenza del fatto che abbiamo raccolto i Dati personali dei bambini senza la verifica del consenso dei genitori, prendiamo provvedimenti per rimuovere tali informazioni dai nostri server.<\/p>\n\n\n\n<p><strong>Diritti dell\u2019interessato<\/strong><\/p>\n\n\n\n<p>Sono riconosciuti agli interessati i seguenti diritti: artt. 15 &#8211; \u201c<em>Diritto di accesso dell\u2019interessato<\/em>\u201d, 16 &#8211; \u201c<em>Diritto di rettifica<\/em>\u201d, 17 &#8211; \u201c<em>Diritto alla cancellazione<\/em>\u201d, 18 \u2013 \u201c<em>Diritto di limitazione al trattamento<\/em>\u201d, 19 &#8211; \u201c<em>obbligo di notifica in caso di rettifica o cancellazione dei dati personali o limitazione del trattamento<\/em>\u201d, 20 \u2013 \u201c<em>Diritto alla portabilit\u00e0 dei dati<\/em>\u201d, 21 \u2013 \u201c<em>Diritto di opposizione<\/em>\u201d, 22 &#8211; \u201c<em>processo decisionale automatizzato relativo alle persone fisiche, compresa la profilazione<\/em>\u201d del GDPR nei limiti ed alle condizioni previste dall\u2019art. 12 GDPR. Ed \u00e8 sempre possibile per l\u2019Interessato (cliente) proporre reclamo (ex art. 77 GDPR) all\u2019Autorit\u00e0 In via generale si ricorda che per i trattamenti di dati personali per i quali la base giuridica \u00e8 il consenso, questo potr\u00e0 essere revocato.<br>Per esercitare tali diritti, sar\u00e0 necessario contattare il Titolare, con richiesta scritta, inviata al Titolare ai recapiti sopra indicati. Il Titolare \u00e8 tenuto a rispondere all\u2019Interessato entro 30 giorni dalla richiesta, salvo particolari difficolt\u00e0 di evasione della stessa o in caso di necessarie integrazioni.<\/p>\n\n\n\n<p><strong>Contattaci<\/strong><\/p>\n\n\n\n<p>In caso di domande, si prega di contattarci:&nbsp;<strong><span \n                data-original-string='pB1QKNyQu2Kiz3cyYroHAQ==ca1udOE\/\/lRuGEw0DsRAfq+Xg=='\n                class='apbct-email-encoder'\n                title='This contact has been encoded by Anti-Spam by CleanTalk. Click to decode. To finish the decoding make sure that JavaScript is enabled in your browser.'>in<span class=\"apbct-blur\">**<\/span>@<span class=\"apbct-blur\">*****<\/span>ho.it<\/span><\/strong><\/p>\n\n\n\n<p><\/p>\n","protected":false},"excerpt":{"rendered":"<p>Informativa di cui all\u2019art. 13 D. Lgs. 196 del 30 giugno 2003 che regola Codice in materia di protezione dei dati personali Privacy Informiamo qui di seguito sulle modalit\u00e0, finalit\u00e0 e ambito di comunicazione e diffusione dei dati personali degli interessati e sui loro diritti, in conformit\u00e0 all&#8217;art. 13 del GDPR. Chi \u00e8 il Titolare del Trattamento Il Titolare del trattamento dei dati personali, raccolti e trattati tramite questo sito web, \u00e8 la Societ\u00e0 Dokusho Edizioni Srl con Sede legale in via Guglielmo Taddei 4, 56124, Pisa (PI) Codice fiscale e Partita Iva 02410240507&nbsp; REA&nbsp;PI &#8211; 204992 \u2013 \u00e8 possibile inoltrare le proprie richieste privacy al Titolare inviando una email all\u2019indirizzo: in**@*****ho.it Quali sono le finalit\u00e0 del trattamento (scopo della raccolta e gestione dei dati) Il Titolare del Trattamento, al fine di consentire la navigazione e registrazione al proprio sito internet e la realizzazione delle funzionalit\u00e0 o servizi offerti e indicati sul sito quali l\u2019iscrizione alla newsletter; richiesta di contatto per informazioni (resi, cancellazioni, modifiche ordini etc.); inoltro richieste di lavoro (es. funzione \u201clavora con noi\u201d o \u201cinviaci la tua light novel\u201d); iscrizione per acquisti on line o altri servizi del sito web, ecc..), ha necessit\u00e0 di raccogliere alcuni Dati Personali di Clienti\/Utenti, cos\u00ec come indicati anche in moduli di registrazione predisposti e sempre nel rispetto dei principi di pertinenza e limitazione del trattamento alle informazioni che siano indispensabili per le seguenti finalit\u00e0: a) navigazione sul sito web del Titolare;b) acquisto di prodotti (tramite sito web);c) inoltro candidature di lavoro;d) richiesta di informazioni, contatto, esercizio dei diritti privacy da parte degli interessati;e) iscrizione a newsletter informative e commerciali (marketing); Quali sono le basi giuridiche del trattamento che permettono al Titolare di trattare i dati degli utenti\/Clienti e quali categorie di dati tratta il Titolare. Il Trattamento dei Dati Personali degli Interessati ha una propria base giuridica a seconda delle diverse finalit\u00e0 perseguite e sopra indicate, in particolare: a. navigazione sul sito web del Titolare Il Titolare del trattamento, tratta necessariamente alcuni dati personali degli interessati per permettere loro una corretta navigazione e visualizzazione del proprio sito web. Questi dati possono essere raccolti in alcuni casi anche indirettamente \u2013 per mezzo degli strumenti elettronici che consentono la navigazione web (browser, pc, telefoni, tablet, etc.) \u2013 o possono essere conferiti direttamente dall\u2019interessato stesso (es. libera, compilazione moduli per la creazione account, inserimento indirizzo di spedizione e\/o fatturazione in caso di acquisti, iscrizione newsletter, ecc..). Con riferimento alla sola navigazione sul sito https:\/\/www.dokusho.it\/ il Titolare potr\u00e0 trattare le seguenti categorie di dati personali degli utenti. Dati raccolti tramite cookie: per maggiori dettagli si rinvia all\u2019informativa dedicata ai cookie. In ogni caso si informa che i cookie presenti sul sito sono necessari per procedere con una corretta navigazione c.d. Cookie tecnici, in mancanza non sar\u00e0 garantita una perfetta visualizzazione o navigazione (es. da cellulare, browser specifico, etc.). Eventuali cookie tecnici potrebbero avere funzionalit\u00e0 di tipo analitico ma saranno utilizzati solo dati anonimi per finalit\u00e0 statistiche in modalit\u00e0 aggregata. &nbsp;Categorie di dati: dati non personali perch\u00e9 anonimi. b. Acquisto di prodotti (tramite sito web) Il Titolare del trattamento mette a disposizione dei Clienti\/utenti la possibilit\u00e0 di eseguire acquisti on line sul proprio sito web. Per il trattamento dei Dati Personali relativi agli acquisti la base giuridica del trattamento \u00e8 la necessit\u00e0 per il Titolare di dare esecuzione al rapporto precontrattuale o contrattuale di cui l\u2019interessato \u00e8 parte (art. 6 comma 1 lettera b) del GDPR) e delle norme di legge e fiscali applicabili al contratto di acquisto o servizio (art. 6 comma 1 lettera c) del GDPR).Per le suddette finalit\u00e0, i dati saranno richiesti e raccolti nei limiti di quanto strettamente necessario a dare esecuzione al contratto e non saranno trattati dai Contitolari.Tali dati saranno trattati con applicazione di misure di sicurezza adeguate al rischio (art. 32 GDPR) e all\u2019interno dell\u2019UE, dal Titolare e da soggetti autorizzati ex art. 28 GDPR o 2 quaterdecies Codice Privacy come riformato dal D.lgs. 101\/18. I dati non saranno comunicati ad altri soggetti terzi in assenza di idonea informativa e previo consenso dell\u2019interessato. Durata del trattamento: per l\u2019esecuzione della finalit\u00e0 contrattuale; Conservazione: nei termini previsti dalla legge (fiscale e in materia di prescrizione dei diritti). c. inoltro candidature di lavoro. Nell\u2019apposita sezione del presente sito web sono indicate le istruzioni per candidarsi, con invio del proprio CV e dei relativi dati personali in esso contenuti, per una collaborazione di lavoro con il Titolare (Dokusho Edizioni Srl). Saranno trattati i seguenti dati personali: email (quale indirizzo di recapito delle comunicazioni); nome, cognome, provincia, dati del CV, eventuale titolo di studio nonch\u00e9 le informazioni che si rendano necessarie per un\u2019eventuale fase di selezione sempre nel rispetto dei principi di non eccedenza e pertinenza nonch\u00e9 delle norme in materia di diritto del lavoro. Potrebbe capitare che il candidato inoltri dati particolari (relativi alla salute, al credo religioso, all\u2019appartenenza sindacale, etc.) tali dati saranno trattati se pertinenti alla selezione e se il loro trattamento risulti lecito dalle disposizioni di legge in materia di diritto del lavoro e secondo quanto previsto dai provvedimenti dell\u2019Autorit\u00e0 Garante. Diversamente saranno cancellati\/oscurati. Come indicato dall\u2019art 111bis del codice privacy le candidature spontanee non necessitano di un consenso specifico dell\u2019interessato, pertanto questo non potr\u00e0 essere revocato. La base giuridica \u00e8 la necessit\u00e0 di adempiere agli obblighi di natura pre-contrattuale come indicato dall\u2019art. 6 lettera b) del GDPR e in caso di conferimento di dati particolari (es. indicazione inabilit\u00e0 al lavoro) la base giuridica \u00e8 quella prevista dall\u2019art. 9 del GDPR (lettera b). Tali dati saranno trattati con applicazione di misure di sicurezza adeguate al rischio (art. 32 GDPR) e all\u2019interno dell\u2019UE, dal Titolare e da soggetti autorizzati ex art. 28 GDPR o 2 quaterdecies Codice Privacy come riformato dal D.lgs. 1010\/18. I dati non saranno comunicati ad altri soggetti terzi in assenza di idonea informativa e previo consenso dell\u2019interessato. Durata del trattamento: per l\u2019esecuzione della finalit\u00e0 di selezione; Conservazione: due anni salvo iniziative giudiziali per le quali sia necessario conservare i dati sino al termine prescrizionale dei diritti [&hellip;]<\/p>\n","protected":false},"author":1,"featured_media":0,"parent":0,"menu_order":0,"comment_status":"closed","ping_status":"closed","template":"","meta":{"footnotes":""},"class_list":["post-8113","page","type-page","status-publish","hentry","post-no-thumbnail"],"_links":{"self":[{"href":"https:\/\/dokusho.it\/index.php\/wp-json\/wp\/v2\/pages\/8113","targetHints":{"allow":["GET"]}}],"collection":[{"href":"https:\/\/dokusho.it\/index.php\/wp-json\/wp\/v2\/pages"}],"about":[{"href":"https:\/\/dokusho.it\/index.php\/wp-json\/wp\/v2\/types\/page"}],"author":[{"embeddable":true,"href":"https:\/\/dokusho.it\/index.php\/wp-json\/wp\/v2\/users\/1"}],"replies":[{"embeddable":true,"href":"https:\/\/dokusho.it\/index.php\/wp-json\/wp\/v2\/comments?post=8113"}],"version-history":[{"count":10,"href":"https:\/\/dokusho.it\/index.php\/wp-json\/wp\/v2\/pages\/8113\/revisions"}],"predecessor-version":[{"id":35686,"href":"https:\/\/dokusho.it\/index.php\/wp-json\/wp\/v2\/pages\/8113\/revisions\/35686"}],"wp:attachment":[{"href":"https:\/\/dokusho.it\/index.php\/wp-json\/wp\/v2\/media?parent=8113"}],"curies":[{"name":"wp","href":"https:\/\/api.w.org\/{rel}","templated":true}]}}