{"id":8060,"date":"2021-07-18T13:36:07","date_gmt":"2021-07-18T11:36:07","guid":{"rendered":"https:\/\/dokusho.it\/?page_id=8060"},"modified":"2024-09-11T11:57:58","modified_gmt":"2024-09-11T09:57:58","slug":"inviaci-la-tua-light-novel","status":"publish","type":"page","link":"https:\/\/dokusho.it\/index.php\/inviaci-la-tua-light-novel\/","title":{"rendered":"Inviaci la tua light novel"},"content":{"rendered":"\t\t<div data-elementor-type=\"wp-page\" data-elementor-id=\"8060\" class=\"elementor elementor-8060\">\n\t\t\t\t\t\t<section class=\"elementor-section elementor-top-section elementor-element elementor-element-36d7bca6 elementor-section-boxed elementor-section-gap-beside-yes elementor-section-height-default elementor-section-height-default elementor-section-column-vertical-align-stretch\" data-id=\"36d7bca6\" data-element_type=\"section\" data-e-type=\"section\">\n\t\t\t\t\t\t<div class=\"elementor-container elementor-column-gap-extended\">\n\t\t\t\t\t<div class=\"elementor-column elementor-col-100 elementor-top-column elementor-element elementor-element-1fcfd0bb\" data-id=\"1fcfd0bb\" data-element_type=\"column\" data-e-type=\"column\">\n\t\t\t<div class=\"elementor-widget-wrap elementor-element-populated\">\n\t\t\t\t\t\t<div class=\"elementor-element elementor-element-3bd2b90b elementor-widget-widescreen__width-initial elementor-widget elementor-widget-text-editor\" data-id=\"3bd2b90b\" data-element_type=\"widget\" data-e-type=\"widget\" data-widget_type=\"text-editor.default\">\n\t\t\t\t<div class=\"elementor-widget-container\">\n\t\t\t\t\t\t\t\t\t<p>Dokusho Edizioni \u00e8 fermamente convinta che le light novel possano sbocciare anche in Italia. Ecco perch\u00e9 siamo alla costante ricerca di possibili collaborazioni con autori italiani, che siano esordienti o meno.<\/p>\n<p>Per cui, se siete interessati a proporre il vostro manoscritto, sappiate che siamo sempre orgogliosi di ricevere nuove opere.<\/p>\n<p>Da prassi, valutiamo le opere a patto che vengano rispettate le seguenti modalit\u00e0:<\/p>\n<ul>\n<li>l\u2019opera deve poter essere catalogabile come \u201c<strong>light novel<\/strong>\u201c<\/li>\n<li>l\u2019opera&nbsp;<strong>deve essere inedita<\/strong>: non auto-pubblicata o non pubblicata presso altri editori<\/li>\n<li>la proposta va inviata all\u2019indirizzo:<strong> <span \n                data-original-string='zVlWs8fCtlzA0OHRGjYg+A==ca1gqUhaVLi3D0axzdL\/kPtaMslyb+a8kgB9xGxbT\/0cVY='\n                class='apbct-email-encoder'\n                title='This contact has been encoded by Anti-Spam by CleanTalk. Click to decode. To finish the decoding make sure that JavaScript is enabled in your browser.'>do<span class=\"apbct-blur\">*************<\/span>@<span class=\"apbct-blur\">***<\/span>il.com<\/span> <\/strong>(o <strong><span \n                data-original-string='ZYQaciXh2xm5TRCDnKX7iQ==ca1L2kBzSNcXZVMI831wk\/K5Q=='\n                class='apbct-email-encoder'\n                title='This contact has been encoded by Anti-Spam by CleanTalk. Click to decode. To finish the decoding make sure that JavaScript is enabled in your browser.'>in<span class=\"apbct-blur\">**<\/span>@<span class=\"apbct-blur\">*****<\/span>ho.it<\/span><\/strong>)<\/li>\n<li>la proposta&nbsp;<strong>deve contenere l\u2019intero manoscritto<\/strong> (o <strong>un estratto<\/strong>&nbsp;di non meno di 10.000 caratteri spazi inclusi)<\/li>\n<\/ul>\n<p>Vi chiediamo, inoltre, di allegare queste brevi ma importantissime informazioni:<\/p>\n<ul>\n<li>Dati anagrafici dell\u2019autore e, possibilmente, una brevissima biografia<\/li>\n<li>Titolo dell\u2019opera<\/li>\n<li>Sinossi del manoscritto inviato (non pi\u00f9 di 1800 caratteri spazi inclusi): riassunto chiaro, immediato, neutrale e oggettivo che mostra tutti gli avvenimenti che risaltano nella trama. Serve a farci capire, in pochissimo tempo, cosa andremo a leggere dal prologo alle battute finali<\/li>\n<li>Logline: praticamente il riassunto dell\u2019opera in un\u2019unica riga. Per noi \u00e8 fondamentale perch\u00e9 \u00e8 da questo brevissimo riassunto che spunta fuori tutta l\u2019appetibilit\u00e0 della trama. Esempio SAO: L\u2019eroe viene intrappolato in un videogioco e, se muore, morir\u00e0 anche nella vita reale<\/li>\n<li>Informazioni sui personaggi: una descrizione che comprenda nome, ruolo (ovvero, personaggio principale, secondario e via dicendo) e caratteristiche psico-fisiche (sia positive che negative)<\/li>\n<li>Quale emozione volete che provino i lettori una volta letta l\u2019opera?<\/li>\n<li>Target atteso (lettore medio che dovrebbe interessarsi all\u2019opera)<\/li>\n<\/ul>\n<p>Se la light novel \u00e8 stata pensata per essere composta da pi\u00f9 volumi, aggiungere anche:<\/p>\n<ul>\n<li>Numero volumi minimi attesi<\/li>\n<li>Breve panoramica dell&#8217;intera saga (non pi\u00f9 di 3000 caratteri spazi inclusi)<\/li>\n<\/ul>\n<p>Infine, se il lavoro sottoposto \u00e8 gi\u00e0 fornito delle illustrazioni, \u00e8 preferibile allegarle.<\/p>\n<p>Per trasparenza, dato che abbiamo molto a cuore le opere che ci inviate e siamo intenzionati a valutarle e a rispondere ad ogni autore, vi informiamo che ci vorr\u00e0 un po\u2019 di tempo per ricevere il responso (dai 15 ai 180 giorni circa).<\/p>\n<p>Vi ringraziamo per averci inviato il vostro prezioso lavoro.<\/p>\n<p>Per qualsiasi informazione vi invitiamo a inviarci un messaggio tramite i nostri social o a contattarci alla nostra email: <span \n                data-original-string='nz3VpkU3\/5xx05TGmkKOmw==ca14TyoISQHiolQYTqSUWA1ntgWGIyUHWiQ\/jzCv3HUxCo='\n                class='apbct-email-encoder'\n                title='This contact has been encoded by Anti-Spam by CleanTalk. Click to decode. To finish the decoding make sure that JavaScript is enabled in your browser.'>do<span class=\"apbct-blur\">*************<\/span>@<span class=\"apbct-blur\">***<\/span>il.com<\/span> (o <span \n                data-original-string='pejdZcsqLyj7P1p7LcDb7g==ca1GANwu5BwL6WwEW20kN9rrQ=='\n                class='apbct-email-encoder'\n                title='This contact has been encoded by Anti-Spam by CleanTalk. Click to decode. To finish the decoding make sure that JavaScript is enabled in your browser.'>in<span class=\"apbct-blur\">**<\/span>@<span class=\"apbct-blur\">*****<\/span>ho.it<\/span>)<\/p>\n<p>NOTA IMPORTANTE:&nbsp;<br><span style=\"color: var(--minimog-color-text); font-family: var(--minimog-typography-body-font-family); font-size: var(--minimog-typography-body-font-size); font-weight: var(--minimog-typography-body-font-weight);\">Le proposte che non contengono tutti i punti sopracitati non verranno esaminate<\/span><\/p>\n<p><span style=\"color: var(--minimog-color-heading); font-family: var(--minimog-typography-headings-font-family); font-size: 26px; font-weight: var(--minimog-typography-headings-font-weight); letter-spacing: var(--minimog-typography-headings-letter-spacing); text-transform: var(--minimog-typography-headings-text-transform);\">Contattaci e seguici tramite i nostri social<\/span><br><\/p>\t\t\t\t\t\t\t\t<\/div>\n\t\t\t\t<\/div>\n\t\t\t\t<div class=\"elementor-element elementor-element-3359b81 elementor-widget elementor-widget-tm-social-networks\" data-id=\"3359b81\" data-element_type=\"widget\" data-e-type=\"widget\" data-widget_type=\"tm-social-networks.default\">\n\t\t\t\t<div class=\"elementor-widget-container\">\n\t\t\t\t\t\t\t<div class=\"tm-social-networks style-icons layout-inline\">\n\t\t\t<ul class=\"list\">\t\t\t\t<li class=\"item elementor-repeater-item-0335241\">\n\t\t\t\t\t<a class=\"link\" aria-label=\"Facebook\" href=\"https:\/\/www.facebook.com\/dokushoedizioni\" target=\"_blank\" rel=\"nofollow\">\n\t\t\t\t\t\t<svg class=\"link-icon e-font-icon-svg e-fab-facebook\" viewBox=\"0 0 512 512\" xmlns=\"http:\/\/www.w3.org\/2000\/svg\"><path d=\"M504 256C504 119 393 8 256 8S8 119 8 256c0 123.78 90.69 226.38 209.25 245V327.69h-63V256h63v-54.64c0-62.15 37-96.48 93.67-96.48 27.14 0 55.52 4.84 55.52 4.84v61h-31.28c-30.8 0-40.41 19.12-40.41 38.73V256h68.78l-11 71.69h-57.78V501C413.31 482.38 504 379.78 504 256z\"><\/path><\/svg>\t\t\t\t\t<\/a>\n\t\t\t\t<\/li>\n\t\t\t\t\t\t\t\t<li class=\"item elementor-repeater-item-7428045\">\n\t\t\t\t\t<a class=\"link\" aria-label=\"Instagram\" href=\"https:\/\/www.instagram.com\/dokusho_edizioni\/\" target=\"_blank\" rel=\"nofollow\">\n\t\t\t\t\t\t<svg class=\"link-icon e-font-icon-svg e-fab-instagram\" viewBox=\"0 0 448 512\" xmlns=\"http:\/\/www.w3.org\/2000\/svg\"><path d=\"M224.1 141c-63.6 0-114.9 51.3-114.9 114.9s51.3 114.9 114.9 114.9S339 319.5 339 255.9 287.7 141 224.1 141zm0 189.6c-41.1 0-74.7-33.5-74.7-74.7s33.5-74.7 74.7-74.7 74.7 33.5 74.7 74.7-33.6 74.7-74.7 74.7zm146.4-194.3c0 14.9-12 26.8-26.8 26.8-14.9 0-26.8-12-26.8-26.8s12-26.8 26.8-26.8 26.8 12 26.8 26.8zm76.1 27.2c-1.7-35.9-9.9-67.7-36.2-93.9-26.2-26.2-58-34.4-93.9-36.2-37-2.1-147.9-2.1-184.9 0-35.8 1.7-67.6 9.9-93.9 36.1s-34.4 58-36.2 93.9c-2.1 37-2.1 147.9 0 184.9 1.7 35.9 9.9 67.7 36.2 93.9s58 34.4 93.9 36.2c37 2.1 147.9 2.1 184.9 0 35.9-1.7 67.7-9.9 93.9-36.2 26.2-26.2 34.4-58 36.2-93.9 2.1-37 2.1-147.8 0-184.8zM398.8 388c-7.8 19.6-22.9 34.7-42.6 42.6-29.5 11.7-99.5 9-132.1 9s-102.7 2.6-132.1-9c-19.6-7.8-34.7-22.9-42.6-42.6-11.7-29.5-9-99.5-9-132.1s-2.6-102.7 9-132.1c7.8-19.6 22.9-34.7 42.6-42.6 29.5-11.7 99.5-9 132.1-9s102.7-2.6 132.1 9c19.6 7.8 34.7 22.9 42.6 42.6 11.7 29.5 9 99.5 9 132.1s2.7 102.7-9 132.1z\"><\/path><\/svg>\t\t\t\t\t<\/a>\n\t\t\t\t<\/li>\n\t\t\t\t\t\t\t\t<li class=\"item elementor-repeater-item-1f3241a\">\n\t\t\t\t\t<a class=\"link\" aria-label=\"Tiktok\" href=\"https:\/\/www.tiktok.com\/@dokusho_edizioni\" target=\"_blank\" rel=\"nofollow\">\n\t\t\t\t\t\t<svg class=\"link-icon e-font-icon-svg e-fab-tiktok\" viewBox=\"0 0 448 512\" xmlns=\"http:\/\/www.w3.org\/2000\/svg\"><path d=\"M448,209.91a210.06,210.06,0,0,1-122.77-39.25V349.38A162.55,162.55,0,1,1,185,188.31V278.2a74.62,74.62,0,1,0,52.23,71.18V0l88,0a121.18,121.18,0,0,0,1.86,22.17h0A122.18,122.18,0,0,0,381,102.39a121.43,121.43,0,0,0,67,20.14Z\"><\/path><\/svg>\t\t\t\t\t<\/a>\n\t\t\t\t<\/li>\n\t\t\t\t\t\t\t\t<li class=\"item elementor-repeater-item-ddbbf9e\">\n\t\t\t\t\t<a class=\"link\" aria-label=\"YouTube\" href=\"https:\/\/www.youtube.com\/channel\/UCwMWyDZUdvYDEgrEJpD3NIA\" target=\"_blank\" rel=\"nofollow\">\n\t\t\t\t\t\t<svg class=\"link-icon e-font-icon-svg e-fab-youtube\" viewBox=\"0 0 576 512\" xmlns=\"http:\/\/www.w3.org\/2000\/svg\"><path d=\"M549.655 124.083c-6.281-23.65-24.787-42.276-48.284-48.597C458.781 64 288 64 288 64S117.22 64 74.629 75.486c-23.497 6.322-42.003 24.947-48.284 48.597-11.412 42.867-11.412 132.305-11.412 132.305s0 89.438 11.412 132.305c6.281 23.65 24.787 41.5 48.284 47.821C117.22 448 288 448 288 448s170.78 0 213.371-11.486c23.497-6.321 42.003-24.171 48.284-47.821 11.412-42.867 11.412-132.305 11.412-132.305s0-89.438-11.412-132.305zm-317.51 213.508V175.185l142.739 81.205-142.739 81.201z\"><\/path><\/svg>\t\t\t\t\t<\/a>\n\t\t\t\t<\/li>\n\t\t\t\t\t\t\t\t<li class=\"item elementor-repeater-item-3dfe629\">\n\t\t\t\t\t<a class=\"link\" aria-label=\"Twitch\" href=\"https:\/\/www.twitch.tv\/dokushoed\" target=\"_blank\" rel=\"nofollow\">\n\t\t\t\t\t\t<svg class=\"link-icon e-font-icon-svg e-fab-twitch\" viewBox=\"0 0 512 512\" xmlns=\"http:\/\/www.w3.org\/2000\/svg\"><path d=\"M391.17,103.47H352.54v109.7h38.63ZM285,103H246.37V212.75H285ZM120.83,0,24.31,91.42V420.58H140.14V512l96.53-91.42h77.25L487.69,256V0ZM449.07,237.75l-77.22,73.12H294.61l-67.6,64v-64H140.14V36.58H449.07Z\"><\/path><\/svg>\t\t\t\t\t<\/a>\n\t\t\t\t<\/li>\n\t\t\t\t<\/ul>\t\t<\/div>\n\t\t\t\t\t\t<\/div>\n\t\t\t\t<\/div>\n\t\t\t\t\t<\/div>\n\t\t<\/div>\n\t\t\t\t\t<\/div>\n\t\t<\/section>\n\t\t\t\t<\/div>\n\t\t","protected":false},"excerpt":{"rendered":"<p>Dokusho Edizioni \u00e8 fermamente convinta che le light novel possano sbocciare anche in Italia. Ecco perch\u00e9 siamo alla costante ricerca di possibili collaborazioni con autori italiani, che siano esordienti o meno. Per cui, se siete interessati a proporre il vostro manoscritto, sappiate che siamo sempre orgogliosi di ricevere nuove opere. Da prassi, valutiamo le opere a patto che vengano rispettate le seguenti modalit\u00e0: l\u2019opera deve poter essere catalogabile come \u201clight novel\u201c l\u2019opera&nbsp;deve essere inedita: non auto-pubblicata o non pubblicata presso altri editori la proposta va inviata all\u2019indirizzo: do*************@***il.com (o in**@*****ho.it) la proposta&nbsp;deve contenere l\u2019intero manoscritto (o un estratto&nbsp;di non meno di 10.000 caratteri spazi inclusi) Vi chiediamo, inoltre, di allegare queste brevi ma importantissime informazioni: Dati anagrafici dell\u2019autore e, possibilmente, una brevissima biografia Titolo dell\u2019opera Sinossi del manoscritto inviato (non pi\u00f9 di 1800 caratteri spazi inclusi): riassunto chiaro, immediato, neutrale e oggettivo che mostra tutti gli avvenimenti che risaltano nella trama. Serve a farci capire, in pochissimo tempo, cosa andremo a leggere dal prologo alle battute finali Logline: praticamente il riassunto dell\u2019opera in un\u2019unica riga. Per noi \u00e8 fondamentale perch\u00e9 \u00e8 da questo brevissimo riassunto che spunta fuori tutta l\u2019appetibilit\u00e0 della trama. Esempio SAO: L\u2019eroe viene intrappolato in un videogioco e, se muore, morir\u00e0 anche nella vita reale Informazioni sui personaggi: una descrizione che comprenda nome, ruolo (ovvero, personaggio principale, secondario e via dicendo) e caratteristiche psico-fisiche (sia positive che negative) Quale emozione volete che provino i lettori una volta letta l\u2019opera? Target atteso (lettore medio che dovrebbe interessarsi all\u2019opera) Se la light novel \u00e8 stata pensata per essere composta da pi\u00f9 volumi, aggiungere anche: Numero volumi minimi attesi Breve panoramica dell&#8217;intera saga (non pi\u00f9 di 3000 caratteri spazi inclusi) Infine, se il lavoro sottoposto \u00e8 gi\u00e0 fornito delle illustrazioni, \u00e8 preferibile allegarle. Per trasparenza, dato che abbiamo molto a cuore le opere che ci inviate e siamo intenzionati a valutarle e a rispondere ad ogni autore, vi informiamo che ci vorr\u00e0 un po\u2019 di tempo per ricevere il responso (dai 15 ai 180 giorni circa). Vi ringraziamo per averci inviato il vostro prezioso lavoro. Per qualsiasi informazione vi invitiamo a inviarci un messaggio tramite i nostri social o a contattarci alla nostra email: do*************@***il.com (o in**@*****ho.it) NOTA IMPORTANTE:&nbsp;Le proposte che non contengono tutti i punti sopracitati non verranno esaminate Contattaci e seguici tramite i nostri social<\/p>\n","protected":false},"author":1,"featured_media":0,"parent":0,"menu_order":0,"comment_status":"closed","ping_status":"closed","template":"","meta":{"footnotes":""},"class_list":["post-8060","page","type-page","status-publish","hentry","post-no-thumbnail"],"_links":{"self":[{"href":"https:\/\/dokusho.it\/index.php\/wp-json\/wp\/v2\/pages\/8060","targetHints":{"allow":["GET"]}}],"collection":[{"href":"https:\/\/dokusho.it\/index.php\/wp-json\/wp\/v2\/pages"}],"about":[{"href":"https:\/\/dokusho.it\/index.php\/wp-json\/wp\/v2\/types\/page"}],"author":[{"embeddable":true,"href":"https:\/\/dokusho.it\/index.php\/wp-json\/wp\/v2\/users\/1"}],"replies":[{"embeddable":true,"href":"https:\/\/dokusho.it\/index.php\/wp-json\/wp\/v2\/comments?post=8060"}],"version-history":[{"count":30,"href":"https:\/\/dokusho.it\/index.php\/wp-json\/wp\/v2\/pages\/8060\/revisions"}],"predecessor-version":[{"id":26952,"href":"https:\/\/dokusho.it\/index.php\/wp-json\/wp\/v2\/pages\/8060\/revisions\/26952"}],"wp:attachment":[{"href":"https:\/\/dokusho.it\/index.php\/wp-json\/wp\/v2\/media?parent=8060"}],"curies":[{"name":"wp","href":"https:\/\/api.w.org\/{rel}","templated":true}]}}